{"id":100,"date":"2020-12-14T11:45:20","date_gmt":"2020-12-14T11:45:20","guid":{"rendered":"https:\/\/cpka.pt\/bajattmontesalentejanos\/?page_id=100"},"modified":"2026-02-24T10:25:39","modified_gmt":"2026-02-24T10:25:39","slug":"mapas","status":"publish","type":"page","link":"https:\/\/cpka.pt\/bajattmontesalentejanos\/mapas\/","title":{"rendered":"Mapas"},"content":{"rendered":"<div class=\"wp-block-image\">\n<figure class=\"aligncenter size-large\"><img loading=\"lazy\" decoding=\"async\" width=\"1024\" height=\"724\" src=\"https:\/\/cpka.pt\/bajattmontesalentejanos\/wp-content\/uploads\/sites\/3\/2026\/02\/Mapa-Esc-Online-Baja-Montes-Alentejanos-2026_page-0001-1024x724.jpg\" alt=\"\" class=\"wp-image-3160\" srcset=\"https:\/\/cpka.pt\/bajattmontesalentejanos\/wp-content\/uploads\/sites\/3\/2026\/02\/Mapa-Esc-Online-Baja-Montes-Alentejanos-2026_page-0001-1024x724.jpg 1024w, https:\/\/cpka.pt\/bajattmontesalentejanos\/wp-content\/uploads\/sites\/3\/2026\/02\/Mapa-Esc-Online-Baja-Montes-Alentejanos-2026_page-0001-300x212.jpg 300w, https:\/\/cpka.pt\/bajattmontesalentejanos\/wp-content\/uploads\/sites\/3\/2026\/02\/Mapa-Esc-Online-Baja-Montes-Alentejanos-2026_page-0001-768x543.jpg 768w, https:\/\/cpka.pt\/bajattmontesalentejanos\/wp-content\/uploads\/sites\/3\/2026\/02\/Mapa-Esc-Online-Baja-Montes-Alentejanos-2026_page-0001-1536x1086.jpg 1536w, https:\/\/cpka.pt\/bajattmontesalentejanos\/wp-content\/uploads\/sites\/3\/2026\/02\/Mapa-Esc-Online-Baja-Montes-Alentejanos-2026_page-0001-2048x1448.jpg 2048w\" sizes=\"auto, (max-width: 1024px) 100vw, 1024px\" \/><\/figure><\/div>\n\n\n<p><strong>Mapa Geral<\/strong><br>Sector Seletivo com 120 Km;<br>N\u00e3o v\u00e3o existir Zonas Espet\u00e1culo especificas, al\u00e9m da Herdade da Cabe\u00e7a de Ferro.<br>Todas as categorias v\u00e3o percorrer o SS por tr\u00eas vezes;<\/p>\n\n\n\n<p><strong>Sexta-Feira dia 27 de fevereiro<\/strong><br>Prologo &#8211; Herdade da Cabe\u00e7a de Ferro<br>(Campo Militar do Regimento de Infantaria N\u00ba1)<\/p>\n\n\n\n<p>A partida e o final de cada Sector Seletivo, e no mesmo local onde se disputa habitualmente o Prologo, na Herdade da Cabe\u00e7a de Ferro.<\/p>\n\n\n\n<p><strong>S\u00e1bado dia 28 de fevereiro:<\/strong><br>Evento FMP &#8211; Motos, Quad&#8217;s e Ssv&#8217;s &#8211; 2 Passagens<br>Evento FPAK: Autos &#8211; 1 Passagem<\/p>\n\n\n\n<p><strong>Domingo dia 1 de mar\u00e7o:<\/strong><br>Evento FPAK: Autos &#8211; 2 Passagens<br>Evento FMP: Motos, Quad&#8217;s e Ssv&#8217;s &#8211; 1 Passagem<\/p>\n","protected":false},"excerpt":{"rendered":"<p>Mapa GeralSector Seletivo com 120 Km;N\u00e3o v\u00e3o existir Zonas Espet\u00e1culo especificas, al\u00e9m da Herdade da Cabe\u00e7a de Ferro.Todas as categorias v\u00e3o percorrer o SS por&hellip;<\/p>\n","protected":false},"author":1,"featured_media":0,"parent":0,"menu_order":0,"comment_status":"closed","ping_status":"closed","template":"","meta":{"advgb_blocks_editor_width":"","advgb_blocks_columns_visual_guide":"","ngg_post_thumbnail":0,"footnotes":""},"class_list":["post-100","page","type-page","status-publish","hentry"],"rise-blocks_excerpt":"Mapa GeralSector Seletivo com 120 Km;N\u00e3o v\u00e3o existir Zonas Espet\u00e1culo especificas, al\u00e9m da Herdade da Cabe\u00e7a de Ferro.Todas as categorias v\u00e3o percorrer o SS por tr\u00eas vezes; Sexta-Feira dia 27 de fevereiroPrologo &#8211; Herdade da Cabe\u00e7a de Ferro(Campo Militar do Regimento de Infantaria N\u00ba1) A partida e o final de cada Sector Seletivo, e no mesmo local onde se disputa..","aioseo_notices":[],"coauthors":[],"author_meta":{"author_link":"https:\/\/cpka.pt\/bajattmontesalentejanos\/author\/admin\/","display_name":"admin"},"relative_dates":{"created":"Posted 5 anos ago","modified":"Updated 2 meses ago"},"absolute_dates":{"created":"Posted on 14 de Dezembro, 2020","modified":"Updated on 24 de Fevereiro, 2026"},"absolute_dates_time":{"created":"Posted on 14 de Dezembro, 2020 11:45","modified":"Updated on 24 de Fevereiro, 2026 10:25"},"featured_img_caption":"","featured_img":false,"series_order":"","_links":{"self":[{"href":"https:\/\/cpka.pt\/bajattmontesalentejanos\/wp-json\/wp\/v2\/pages\/100","targetHints":{"allow":["GET"]}}],"collection":[{"href":"https:\/\/cpka.pt\/bajattmontesalentejanos\/wp-json\/wp\/v2\/pages"}],"about":[{"href":"https:\/\/cpka.pt\/bajattmontesalentejanos\/wp-json\/wp\/v2\/types\/page"}],"author":[{"embeddable":true,"href":"https:\/\/cpka.pt\/bajattmontesalentejanos\/wp-json\/wp\/v2\/users\/1"}],"replies":[{"embeddable":true,"href":"https:\/\/cpka.pt\/bajattmontesalentejanos\/wp-json\/wp\/v2\/comments?post=100"}],"version-history":[{"count":16,"href":"https:\/\/cpka.pt\/bajattmontesalentejanos\/wp-json\/wp\/v2\/pages\/100\/revisions"}],"predecessor-version":[{"id":3162,"href":"https:\/\/cpka.pt\/bajattmontesalentejanos\/wp-json\/wp\/v2\/pages\/100\/revisions\/3162"}],"wp:attachment":[{"href":"https:\/\/cpka.pt\/bajattmontesalentejanos\/wp-json\/wp\/v2\/media?parent=100"}],"curies":[{"name":"wp","href":"https:\/\/api.w.org\/{rel}","templated":true}]}}

<div class="wp-block-image">
<figure class="aligncenter size-large"><img loading="lazy" decoding="async" width="1024" height="724" src="https://cpka.pt/bajattmontesalentejanos/wp-content/uploads/sites/3/2026/02/Mapa-Esc-Online-Baja-Montes-Alentejanos-2026_page-0001-1024x724.jpg" alt="" class="wp-image-3160" srcset="https://cpka.pt/bajattmontesalentejanos/wp-content/uploads/sites/3/2026/02/Mapa-Esc-Online-Baja-Montes-Alentejanos-2026_page-0001-1024x724.jpg 1024w, https://cpka.pt/bajattmontesalentejanos/wp-content/uploads/sites/3/2026/02/Mapa-Esc-Online-Baja-Montes-Alentejanos-2026_page-0001-300x212.jpg 300w, https://cpka.pt/bajattmontesalentejanos/wp-content/uploads/sites/3/2026/02/Mapa-Esc-Online-Baja-Montes-Alentejanos-2026_page-0001-768x543.jpg 768w, https://cpka.pt/bajattmontesalentejanos/wp-content/uploads/sites/3/2026/02/Mapa-Esc-Online-Baja-Montes-Alentejanos-2026_page-0001-1536x1086.jpg 1536w, https://cpka.pt/bajattmontesalentejanos/wp-content/uploads/sites/3/2026/02/Mapa-Esc-Online-Baja-Montes-Alentejanos-2026_page-0001-2048x1448.jpg 2048w" sizes="auto, (max-width: 1024px) 100vw, 1024px" /></figure></div>


<p><strong>Mapa Geral</strong><br>Sector Seletivo com 120 Km;<br>Não vão existir Zonas Espetáculo especificas, além da Herdade da Cabeça de Ferro.<br>Todas as categorias vão percorrer o SS por três vezes;</p>



<p><strong>Sexta-Feira dia 27 de fevereiro</strong><br>Prologo &#8211; Herdade da Cabeça de Ferro<br>(Campo Militar do Regimento de Infantaria Nº1)</p>



<p>A partida e o final de cada Sector Seletivo, e no mesmo local onde se disputa habitualmente o Prologo, na Herdade da Cabeça de Ferro.</p>



<p><strong>Sábado dia 28 de fevereiro:</strong><br>Evento FMP &#8211; Motos, Quad&#8217;s e Ssv&#8217;s &#8211; 2 Passagens<br>Evento FPAK: Autos &#8211; 1 Passagem</p>



<p><strong>Domingo dia 1 de março:</strong><br>Evento FPAK: Autos &#8211; 2 Passagens<br>Evento FMP: Motos, Quad&#8217;s e Ssv&#8217;s &#8211; 1 Passagem</p>

<p>Mapa GeralSector Seletivo com 120 Km;Não vão existir Zonas Espetáculo especificas, além da Herdade da Cabeça de Ferro.Todas as categorias vão percorrer o SS por&hellip;</p>

Mapa GeralSector Seletivo com 120 Km;Não vão existir Zonas Espetáculo especificas, além da Herdade da Cabeça de Ferro.Todas as categorias vão percorrer o SS por três vezes; Sexta-Feira dia 27 de fevereiroPrologo &#8211; Herdade da Cabeça de Ferro(Campo Militar do Regimento de Infantaria Nº1) A partida e o final de cada Sector Seletivo, e no mesmo local onde se disputa..
