{"id":2456,"date":"2024-01-16T11:02:26","date_gmt":"2024-01-16T11:02:26","guid":{"rendered":"https:\/\/cpka.pt\/bajattmontesalentejanos\/?page_id=2456"},"modified":"2024-01-18T10:23:38","modified_gmt":"2024-01-18T10:23:38","slug":"abertas-as-inscricoes-para-moto-quad-e-ssv","status":"publish","type":"page","link":"https:\/\/cpka.pt\/bajattmontesalentejanos\/abertas-as-inscricoes-para-moto-quad-e-ssv\/","title":{"rendered":"Abertas as inscri\u00e7\u00f5es para Moto, Quad e SSV"},"content":{"rendered":"\n<figure class=\"wp-block-image size-large\"><img loading=\"lazy\" decoding=\"async\" width=\"1024\" height=\"485\" src=\"https:\/\/cpka.pt\/bajattmontesalentejanos\/wp-content\/uploads\/sites\/3\/2024\/01\/INFORMACOES-E-INSCRICOES-FMP-1024x485.png\" alt=\"\" class=\"wp-image-2444\" srcset=\"https:\/\/cpka.pt\/bajattmontesalentejanos\/wp-content\/uploads\/sites\/3\/2024\/01\/INFORMACOES-E-INSCRICOES-FMP-1024x485.png 1024w, https:\/\/cpka.pt\/bajattmontesalentejanos\/wp-content\/uploads\/sites\/3\/2024\/01\/INFORMACOES-E-INSCRICOES-FMP-300x142.png 300w, https:\/\/cpka.pt\/bajattmontesalentejanos\/wp-content\/uploads\/sites\/3\/2024\/01\/INFORMACOES-E-INSCRICOES-FMP-768x363.png 768w, https:\/\/cpka.pt\/bajattmontesalentejanos\/wp-content\/uploads\/sites\/3\/2024\/01\/INFORMACOES-E-INSCRICOES-FMP-1536x727.png 1536w, https:\/\/cpka.pt\/bajattmontesalentejanos\/wp-content\/uploads\/sites\/3\/2024\/01\/INFORMACOES-E-INSCRICOES-FMP-2048x969.png 2048w\" sizes=\"auto, (max-width: 1024px) 100vw, 1024px\" \/><\/figure>\n\n\n\n<p class=\"has-medium-font-size\"><strong>[ <a href=\"https:\/\/cpka.pt\/bajattmontesalentejanos\/wp-content\/uploads\/sites\/3\/2024\/01\/BOLETIM-DE-INSCRICAO-MOTO-E-QUAD-ESC-ONLINE-BAJA-TT-MONTES-ALENTEJANOS-2024.pdf\" data-type=\"link\" data-id=\"https:\/\/cpka.pt\/bajattmontesalentejanos\/wp-content\/uploads\/sites\/3\/2024\/01\/BOLETIM-DE-INSCRICAO-MOTO-E-QUAD-ESC-ONLINE-BAJA-TT-MONTES-ALENTEJANOS-2024.pdf\">DOWNLOAD Boletim de inscri\u00e7\u00e3o de Moto e QUAD .PDF<\/a> ]<\/strong><\/p>\n\n\n<a href=\"https:\/\/cpka.pt\/bajattmontesalentejanos\/wp-content\/uploads\/sites\/3\/2024\/01\/BOLETIM-DE-INSCRICAO-MOTO-E-QUAD-ESC-ONLINE-BAJA-TT-MONTES-ALENTEJANOS-2024.pdf\" class=\"pdfemb-viewer\" style=\"\" data-width=\"max\" data-height=\"max\" data-toolbar=\"bottom\" data-toolbar-fixed=\"off\">BOLETIM-DE-INSCRICAO-MOTO-E-QUAD-ESC-ONLINE-BAJA-TT-MONTES-ALENTEJANOS-2024<\/a>\n<p class=\"wp-block-pdfemb-pdf-embedder-viewer\"><\/p>\n\n\n\n<p class=\"has-medium-font-size\"><strong>[ <a href=\"https:\/\/cpka.pt\/bajattmontesalentejanos\/wp-content\/uploads\/sites\/3\/2024\/01\/INSCRICOES-E-INFORMACOES-ADICIONAIS-MOTO-E-QUAD-ESC-ONLINE-BAJA-TT-MONTES-ALENTEJANOS-2024.pdf\" data-type=\"link\" data-id=\"https:\/\/cpka.pt\/bajattmontesalentejanos\/wp-content\/uploads\/sites\/3\/2024\/01\/INSCRICOES-E-INFORMACOES-ADICIONAIS-MOTO-E-QUAD-ESC-ONLINE-BAJA-TT-MONTES-ALENTEJANOS-2024.pdf\">DOWNLOAD Informa\u00e7\u00f5es adicionais para Moto e QUAD .PDF<\/a> ]<\/strong><\/p>\n\n\n<a href=\"https:\/\/cpka.pt\/bajattmontesalentejanos\/wp-content\/uploads\/sites\/3\/2024\/01\/INSCRICOES-E-INFORMACOES-ADICIONAIS-MOTO-E-QUAD-ESC-ONLINE-BAJA-TT-MONTES-ALENTEJANOS-2024.pdf\" class=\"pdfemb-viewer\" style=\"\" data-width=\"max\" data-height=\"max\" data-toolbar=\"bottom\" data-toolbar-fixed=\"off\">INSCRICOES-E-INFORMACOES-ADICIONAIS-MOTO-E-QUAD-ESC-ONLINE-BAJA-TT-MONTES-ALENTEJANOS-2024<\/a>\n<p class=\"wp-block-pdfemb-pdf-embedder-viewer\"><\/p>\n\n\n\n<p class=\"has-medium-font-size\"><strong>[ <a href=\"https:\/\/cpka.pt\/bajattmontesalentejanos\/wp-content\/uploads\/sites\/3\/2024\/01\/BOLETIM-DE-INSCRICAO-SSV-ESC-ONLINE-BAJA-TT-MONTES-ALENTEJANOS-2024.pdf\" data-type=\"link\" data-id=\"https:\/\/cpka.pt\/bajattmontesalentejanos\/wp-content\/uploads\/sites\/3\/2024\/01\/BOLETIM-DE-INSCRICAO-SSV-ESC-ONLINE-BAJA-TT-MONTES-ALENTEJANOS-2024.pdf\">DOWNLOAD Boletim de inscri\u00e7\u00e3o SSV .PDF<\/a> ]<\/strong><\/p>\n\n\n<a href=\"https:\/\/cpka.pt\/bajattmontesalentejanos\/wp-content\/uploads\/sites\/3\/2024\/01\/BOLETIM-DE-INSCRICAO-SSV-ESC-ONLINE-BAJA-TT-MONTES-ALENTEJANOS-2024.pdf\" class=\"pdfemb-viewer\" style=\"\" data-width=\"max\" data-height=\"max\" data-toolbar=\"bottom\" data-toolbar-fixed=\"off\">BOLETIM-DE-INSCRICAO-SSV-ESC-ONLINE-BAJA-TT-MONTES-ALENTEJANOS-2024<\/a>\n<p class=\"wp-block-pdfemb-pdf-embedder-viewer\"><\/p>\n\n\n\n<p class=\"has-medium-font-size\"><strong>[ <a href=\"https:\/\/cpka.pt\/bajattmontesalentejanos\/wp-content\/uploads\/sites\/3\/2024\/01\/INSCRICOES-E-INFORMACOES-ADICIONAIS-SSV-ESC-ONLINE-BAJA-TT-MONTES-ALENTEJANOS-2024-Copia.pdf\" data-type=\"link\" data-id=\"https:\/\/cpka.pt\/bajattmontesalentejanos\/wp-content\/uploads\/sites\/3\/2024\/01\/INSCRICOES-E-INFORMACOES-ADICIONAIS-SSV-ESC-ONLINE-BAJA-TT-MONTES-ALENTEJANOS-2024-Copia.pdf\">DOWNLOAD Informa\u00e7\u00f5es adicionais para SSV .PDF<\/a> ]<\/strong><\/p>\n\n\n<a href=\"https:\/\/cpka.pt\/bajattmontesalentejanos\/wp-content\/uploads\/sites\/3\/2024\/01\/INSCRICOES-E-INFORMACOES-ADICIONAIS-SSV-ESC-ONLINE-BAJA-TT-MONTES-ALENTEJANOS-2024-Copia.pdf\" class=\"pdfemb-viewer\" style=\"\" data-width=\"max\" data-height=\"max\" data-toolbar=\"bottom\" data-toolbar-fixed=\"off\">INSCRICOES-E-INFORMACOES-ADICIONAIS-SSV-ESC-ONLINE-BAJA-TT-MONTES-ALENTEJANOS-2024-Copia<\/a>\n<p class=\"wp-block-pdfemb-pdf-embedder-viewer\"><\/p>\n","protected":false},"excerpt":{"rendered":"<p>[ DOWNLOAD Boletim de inscri\u00e7\u00e3o de Moto e QUAD .PDF ] [ DOWNLOAD Informa\u00e7\u00f5es adicionais para Moto e QUAD .PDF ] [ DOWNLOAD Boletim de&hellip;<\/p>\n","protected":false},"author":1,"featured_media":0,"parent":0,"menu_order":0,"comment_status":"closed","ping_status":"closed","template":"","meta":{"advgb_blocks_editor_width":"","advgb_blocks_columns_visual_guide":"","ngg_post_thumbnail":0,"footnotes":""},"class_list":["post-2456","page","type-page","status-publish","hentry"],"rise-blocks_excerpt":"[ DOWNLOAD Boletim de inscri\u00e7\u00e3o de Moto e QUAD .PDF ] [ DOWNLOAD Informa\u00e7\u00f5es adicionais para Moto e QUAD .PDF ] [ DOWNLOAD Boletim de inscri\u00e7\u00e3o SSV .PDF ] [ DOWNLOAD Informa\u00e7\u00f5es adicionais para SSV .PDF ]","aioseo_notices":[],"coauthors":[],"author_meta":{"author_link":"https:\/\/cpka.pt\/bajattmontesalentejanos\/author\/admin\/","display_name":"admin"},"relative_dates":{"created":"Posted 2 anos ago","modified":"Updated 2 anos ago"},"absolute_dates":{"created":"Posted on 16 de Janeiro, 2024","modified":"Updated on 18 de Janeiro, 2024"},"absolute_dates_time":{"created":"Posted on 16 de Janeiro, 2024 11:02","modified":"Updated on 18 de Janeiro, 2024 10:23"},"featured_img_caption":"","featured_img":false,"series_order":"","_links":{"self":[{"href":"https:\/\/cpka.pt\/bajattmontesalentejanos\/wp-json\/wp\/v2\/pages\/2456","targetHints":{"allow":["GET"]}}],"collection":[{"href":"https:\/\/cpka.pt\/bajattmontesalentejanos\/wp-json\/wp\/v2\/pages"}],"about":[{"href":"https:\/\/cpka.pt\/bajattmontesalentejanos\/wp-json\/wp\/v2\/types\/page"}],"author":[{"embeddable":true,"href":"https:\/\/cpka.pt\/bajattmontesalentejanos\/wp-json\/wp\/v2\/users\/1"}],"replies":[{"embeddable":true,"href":"https:\/\/cpka.pt\/bajattmontesalentejanos\/wp-json\/wp\/v2\/comments?post=2456"}],"version-history":[{"count":3,"href":"https:\/\/cpka.pt\/bajattmontesalentejanos\/wp-json\/wp\/v2\/pages\/2456\/revisions"}],"predecessor-version":[{"id":2482,"href":"https:\/\/cpka.pt\/bajattmontesalentejanos\/wp-json\/wp\/v2\/pages\/2456\/revisions\/2482"}],"wp:attachment":[{"href":"https:\/\/cpka.pt\/bajattmontesalentejanos\/wp-json\/wp\/v2\/media?parent=2456"}],"curies":[{"name":"wp","href":"https:\/\/api.w.org\/{rel}","templated":true}]}}