{"id":3046,"date":"2024-01-09T14:53:18","date_gmt":"2024-01-09T14:53:18","guid":{"rendered":"https:\/\/cpka.pt\/rallydelisboa\/?page_id=3046"},"modified":"2024-01-09T15:17:47","modified_gmt":"2024-01-09T15:17:47","slug":"instalar-app","status":"publish","type":"page","link":"https:\/\/cpka.pt\/rallydelisboa\/instalar-app\/","title":{"rendered":"Instalar APP"},"content":{"rendered":"\n<h2 class=\"wp-block-heading has-text-align-center has-vivid-red-color has-text-color has-link-color wp-elements-343c47971f6e1541d063c53367b1bf8d\">Instalar APP num dispositivo m\u00f3vel:<\/h2>\n\n\n\n<p><strong>Android<\/strong><br>Abra o Chrome.<br>Navegue at\u00e9 o site ou p\u00e1gina da web que deseja fixar na tela inicial.<br>Toque no \u00edcone do menu (3 pontos no canto superior direito) e toque em Adicionar \u00e0 tela inicial.<\/p>\n\n\n\n<p><strong>iPhone ou iPad<\/strong><br>Abra o Saf\u00e1ri. Outros navegadores, como o Chrome, n\u00e3o funcionar\u00e3o para isso.<br>Navegue at\u00e9 o site que deseja salvar na tela inicial, inserindo o URL do site para o qual deseja criar um atalho. Certifique-se de visitar a p\u00e1gina exata que deseja abrir por meio do atalho. Toque em &#8220;Ir&#8221;.<br>Toque no bot\u00e3o Compartilhar na parte inferior da p\u00e1gina. Parece um quadrado com uma seta apontando para fora.<br>Na lista de op\u00e7\u00f5es que aparece, role para baixo at\u00e9 ver Adicionar \u00e0 tela inicial. Toque aqui. A caixa de di\u00e1logo Adicionar \u00e0 tela inicial aparecer\u00e1.<br>Escolha um nome para o atalho do site na tela inicial. Voc\u00ea ver\u00e1 o link para confirm\u00e1-lo, bem como o favicon do site que aparecer\u00e1 como o \u00edcone do \u201caplicativo\u201d na tela inicial. Clique em Adicionar quando terminar. O Safari fechar\u00e1 automaticamente e voc\u00ea ser\u00e1 levado ao local onde o \u00edcone est\u00e1 localizado na tela inicial do seu iPhone ou iPad.<br>Agora basta tocar no novo \u201caplicativo\u201d ou atalho na tela inicial e o site ser\u00e1 aberto em sua pr\u00f3pria janela de navega\u00e7\u00e3o, independente do que voc\u00ea abriu no Safari.<br>Observa\u00e7\u00e3o: se voc\u00ea decidir remover o aplicativo, poder\u00e1 exclu\u00ed-la como faria com qualquer outro aplicativo do seu telefone.<\/p>\n\n\n","protected":false},"excerpt":{"rendered":"<p>Instalar APP num dispositivo m\u00f3vel: AndroidAbra o Chrome.Navegue at\u00e9 o site ou p\u00e1gina da web que deseja fixar na tela inicial.Toque no \u00edcone do menu&hellip;<\/p>\n","protected":false},"author":1,"featured_media":0,"parent":0,"menu_order":0,"comment_status":"closed","ping_status":"closed","template":"","meta":{"advgb_blocks_editor_width":"","advgb_blocks_columns_visual_guide":"","ngg_post_thumbnail":0,"footnotes":""},"class_list":["post-3046","page","type-page","status-publish","hentry"],"rise-blocks_excerpt":"Instalar APP num dispositivo m\u00f3vel: AndroidAbra o Chrome.Navegue at\u00e9 o site ou p\u00e1gina da web que deseja fixar na tela inicial.Toque no \u00edcone do menu (3 pontos no canto superior direito) e toque em Adicionar \u00e0 tela inicial. iPhone ou iPadAbra o Saf\u00e1ri. Outros navegadores, como o Chrome, n\u00e3o funcionar\u00e3o para isso.Navegue at\u00e9 o site que deseja salvar na tela..","coauthors":[],"author_meta":{"author_link":"https:\/\/cpka.pt\/rallydelisboa\/author\/admin\/","display_name":"admin"},"relative_dates":{"created":"Posted 2 anos ago","modified":"Updated 2 anos ago"},"absolute_dates":{"created":"Posted on 9 de Janeiro, 2024","modified":"Updated on 9 de Janeiro, 2024"},"absolute_dates_time":{"created":"Posted on 9 de Janeiro, 2024 14:53","modified":"Updated on 9 de Janeiro, 2024 15:17"},"featured_img_caption":"","featured_img":false,"series_order":"","_links":{"self":[{"href":"https:\/\/cpka.pt\/rallydelisboa\/wp-json\/wp\/v2\/pages\/3046","targetHints":{"allow":["GET"]}}],"collection":[{"href":"https:\/\/cpka.pt\/rallydelisboa\/wp-json\/wp\/v2\/pages"}],"about":[{"href":"https:\/\/cpka.pt\/rallydelisboa\/wp-json\/wp\/v2\/types\/page"}],"author":[{"embeddable":true,"href":"https:\/\/cpka.pt\/rallydelisboa\/wp-json\/wp\/v2\/users\/1"}],"replies":[{"embeddable":true,"href":"https:\/\/cpka.pt\/rallydelisboa\/wp-json\/wp\/v2\/comments?post=3046"}],"version-history":[{"count":2,"href":"https:\/\/cpka.pt\/rallydelisboa\/wp-json\/wp\/v2\/pages\/3046\/revisions"}],"predecessor-version":[{"id":3072,"href":"https:\/\/cpka.pt\/rallydelisboa\/wp-json\/wp\/v2\/pages\/3046\/revisions\/3072"}],"wp:attachment":[{"href":"https:\/\/cpka.pt\/rallydelisboa\/wp-json\/wp\/v2\/media?parent=3046"}],"curies":[{"name":"wp","href":"https:\/\/api.w.org\/{rel}","templated":true}]}}